{"id":15,"date":"2023-09-15T19:46:25","date_gmt":"2023-09-15T22:46:25","guid":{"rendered":"https:\/\/marazziadv.com\/?page_id=15"},"modified":"2024-04-29T20:59:13","modified_gmt":"2024-04-29T23:59:13","slug":"parcerias","status":"publish","type":"page","link":"https:\/\/marazziadv.com\/?page_id=15","title":{"rendered":"Parcerias"},"content":{"rendered":"\t\t<div data-elementor-type=\"wp-page\" data-elementor-id=\"15\" class=\"elementor elementor-15\" data-elementor-post-type=\"page\">\n\t\t\t\t\t\t\t<div class=\"elementor-element elementor-element-03cee92 e-flex e-con-boxed e-con e-parent\" data-id=\"03cee92\" data-element_type=\"container\" data-settings=\"{&quot;content_width&quot;:&quot;boxed&quot;}\" data-core-v316-plus=\"true\">\n\t\t\t\t\t<div class=\"e-con-inner\">\n\t\t\t\t<div class=\"elementor-element elementor-element-ea0a40a elementor-widget__width-initial elementor-widget elementor-widget-heading\" data-id=\"ea0a40a\" data-element_type=\"widget\" data-widget_type=\"heading.default\">\n\t\t\t\t<div class=\"elementor-widget-container\">\n\t\t\t<style>\/*! elementor - v3.16.0 - 14-09-2023 *\/\n.elementor-heading-title{padding:0;margin:0;line-height:1}.elementor-widget-heading .elementor-heading-title[class*=elementor-size-]>a{color:inherit;font-size:inherit;line-height:inherit}.elementor-widget-heading .elementor-heading-title.elementor-size-small{font-size:15px}.elementor-widget-heading .elementor-heading-title.elementor-size-medium{font-size:19px}.elementor-widget-heading .elementor-heading-title.elementor-size-large{font-size:29px}.elementor-widget-heading .elementor-heading-title.elementor-size-xl{font-size:39px}.elementor-widget-heading .elementor-heading-title.elementor-size-xxl{font-size:59px}<\/style><h2 class=\"elementor-heading-title elementor-size-default\">Parcerias<\/h2>\t\t<\/div>\n\t\t\t\t<\/div>\n\t\t\t\t\t<\/div>\n\t\t\t\t<\/div>\n\t\t<div class=\"elementor-element elementor-element-fad7dd2 e-flex e-con-boxed e-con e-parent\" data-id=\"fad7dd2\" data-element_type=\"container\" data-settings=\"{&quot;content_width&quot;:&quot;boxed&quot;}\" data-core-v316-plus=\"true\">\n\t\t\t\t\t<div class=\"e-con-inner\">\n\t\t\t\t<div class=\"elementor-element elementor-element-9171638 elementor-widget elementor-widget-text-editor\" data-id=\"9171638\" data-element_type=\"widget\" data-widget_type=\"text-editor.default\">\n\t\t\t\t<div class=\"elementor-widget-container\">\n\t\t\t<style>\/*! elementor - v3.16.0 - 14-09-2023 *\/\n.elementor-widget-text-editor.elementor-drop-cap-view-stacked .elementor-drop-cap{background-color:#69727d;color:#fff}.elementor-widget-text-editor.elementor-drop-cap-view-framed .elementor-drop-cap{color:#69727d;border:3px solid;background-color:transparent}.elementor-widget-text-editor:not(.elementor-drop-cap-view-default) .elementor-drop-cap{margin-top:8px}.elementor-widget-text-editor:not(.elementor-drop-cap-view-default) .elementor-drop-cap-letter{width:1em;height:1em}.elementor-widget-text-editor .elementor-drop-cap{float:left;text-align:center;line-height:1;font-size:50px}.elementor-widget-text-editor .elementor-drop-cap-letter{display:inline-block}<\/style>\t\t\t\t<h6>Para prestar um atendimento completo, atuamos em parceria com outros advogados nas principais \u00e1reas de atua\u00e7\u00e3o do escrit\u00f3rio e outras \u00e1reas relacionadas.<\/h6>\t\t\t\t\t\t<\/div>\n\t\t\t\t<\/div>\n\t\t\t\t\t<\/div>\n\t\t\t\t<\/div>\n\t\t<div class=\"elementor-element elementor-element-6c73965 e-flex e-con-boxed e-con e-parent\" data-id=\"6c73965\" data-element_type=\"container\" data-settings=\"{&quot;content_width&quot;:&quot;boxed&quot;}\" data-core-v316-plus=\"true\">\n\t\t\t\t\t<div class=\"e-con-inner\">\n\t\t<div class=\"elementor-element elementor-element-84b552a e-flex e-con-boxed e-con e-child\" data-id=\"84b552a\" data-element_type=\"container\" data-settings=\"{&quot;background_background&quot;:&quot;classic&quot;,&quot;content_width&quot;:&quot;boxed&quot;}\">\n\t\t\t\t\t<div class=\"e-con-inner\">\n\t\t\t\t<div class=\"elementor-element elementor-element-319326d elementor-widget elementor-widget-heading\" data-id=\"319326d\" data-element_type=\"widget\" data-widget_type=\"heading.default\">\n\t\t\t\t<div class=\"elementor-widget-container\">\n\t\t\t<h2 class=\"elementor-heading-title elementor-size-default\">P\u00fablico e Eleitoral<\/h2>\t\t<\/div>\n\t\t\t\t<\/div>\n\t\t\t\t<div class=\"elementor-element elementor-element-e5f8eac elementor-widget__width-initial elementor-widget elementor-widget-text-editor\" data-id=\"e5f8eac\" data-element_type=\"widget\" data-widget_type=\"text-editor.default\">\n\t\t\t\t<div class=\"elementor-widget-container\">\n\t\t\t\t\t\t\t<p class=\"MsoNormal\">Parcerias na Advocacia eleitoral para presta\u00e7\u00e3o de suporte completo para candidatos e partidos pol\u00edticos nos processos eleitorais, incluindo presta\u00e7\u00e3o de contas. Defesa em quest\u00f5es envolvendo Improbidade Administrativa e a Lei Anticorrup\u00e7\u00e3o.<\/p>\t\t\t\t\t\t<\/div>\n\t\t\t\t<\/div>\n\t\t\t\t\t<\/div>\n\t\t\t\t<\/div>\n\t\t<div class=\"elementor-element elementor-element-e53bc29 e-flex e-con-boxed e-con e-child\" data-id=\"e53bc29\" data-element_type=\"container\" data-settings=\"{&quot;background_background&quot;:&quot;classic&quot;,&quot;content_width&quot;:&quot;boxed&quot;}\">\n\t\t\t\t\t<div class=\"e-con-inner\">\n\t\t\t\t<div class=\"elementor-element elementor-element-30854ea elementor-widget elementor-widget-heading\" data-id=\"30854ea\" data-element_type=\"widget\" data-widget_type=\"heading.default\">\n\t\t\t\t<div class=\"elementor-widget-container\">\n\t\t\t<h2 class=\"elementor-heading-title elementor-size-default\">Criminal<\/h2>\t\t<\/div>\n\t\t\t\t<\/div>\n\t\t\t\t<div class=\"elementor-element elementor-element-2e9561f elementor-widget__width-initial elementor-widget elementor-widget-text-editor\" data-id=\"2e9561f\" data-element_type=\"widget\" data-widget_type=\"text-editor.default\">\n\t\t\t\t<div class=\"elementor-widget-container\">\n\t\t\t\t\t\t\t<p>Advocacia criminal consistente na defesa em a\u00e7\u00f5es penais de crimes funcionais e crimes de prefeitos, al\u00e9m de atua\u00e7\u00e3o pela v\u00edtima na orienta\u00e7\u00e3o, acompanhamento de inqu\u00e9rito policial e assist\u00eancia de acusa\u00e7\u00e3o.<\/p>\t\t\t\t\t\t<\/div>\n\t\t\t\t<\/div>\n\t\t\t\t\t<\/div>\n\t\t\t\t<\/div>\n\t\t<div class=\"elementor-element elementor-element-7edffc6 e-flex e-con-boxed e-con e-child\" data-id=\"7edffc6\" data-element_type=\"container\" data-settings=\"{&quot;background_background&quot;:&quot;classic&quot;,&quot;content_width&quot;:&quot;boxed&quot;}\">\n\t\t\t\t\t<div class=\"e-con-inner\">\n\t\t\t\t<div class=\"elementor-element elementor-element-0289f83 elementor-widget elementor-widget-heading\" data-id=\"0289f83\" data-element_type=\"widget\" data-widget_type=\"heading.default\">\n\t\t\t\t<div class=\"elementor-widget-container\">\n\t\t\t<h2 class=\"elementor-heading-title elementor-size-default\">Civil e Internacional<\/h2>\t\t<\/div>\n\t\t\t\t<\/div>\n\t\t\t\t<div class=\"elementor-element elementor-element-416fa87 elementor-widget__width-initial elementor-widget elementor-widget-text-editor\" data-id=\"416fa87\" data-element_type=\"widget\" data-widget_type=\"text-editor.default\">\n\t\t\t\t<div class=\"elementor-widget-container\">\n\t\t\t\t\t\t\t<p><span style=\"font-family: var( --e-global-typography-text-font-family ), Sans-serif; font-weight: var( --e-global-typography-text-font-weight ); text-align: var(--text-align); font-size: 1rem;\">Atua\u00e7\u00e3o no contencioso c\u00edvel em a\u00e7\u00f5es de cobran\u00e7a, execu\u00e7\u00e3o, indeniza\u00e7\u00e3o, dentre outras. Aux\u00edlio a brasileiros na sa\u00edda fiscal, abertura de empresas e contas offshore, e assessoria a estrangeiros com neg\u00f3cios ou resid\u00eancia no Brasil.<\/span><\/p>\t\t\t\t\t\t<\/div>\n\t\t\t\t<\/div>\n\t\t\t\t\t<\/div>\n\t\t\t\t<\/div>\n\t\t<div class=\"elementor-element elementor-element-8597261 e-flex e-con-boxed e-con e-child\" data-id=\"8597261\" data-element_type=\"container\" data-settings=\"{&quot;background_background&quot;:&quot;classic&quot;,&quot;content_width&quot;:&quot;boxed&quot;}\">\n\t\t\t\t\t<div class=\"e-con-inner\">\n\t\t\t\t<div class=\"elementor-element elementor-element-127888b elementor-widget elementor-widget-heading\" data-id=\"127888b\" data-element_type=\"widget\" data-widget_type=\"heading.default\">\n\t\t\t\t<div class=\"elementor-widget-container\">\n\t\t\t<h2 class=\"elementor-heading-title elementor-size-default\"><p>Fam\u00edlia, Sucess\u00f5es e Planejamento Patrimonial<span style=\"font-size: 2rem; text-align: var(--text-align);\"><\/span><\/p><\/h2>\t\t<\/div>\n\t\t\t\t<\/div>\n\t\t\t\t<div class=\"elementor-element elementor-element-4e6223b elementor-widget__width-initial elementor-widget elementor-widget-text-editor\" data-id=\"4e6223b\" data-element_type=\"widget\" data-widget_type=\"text-editor.default\">\n\t\t\t\t<div class=\"elementor-widget-container\">\n\t\t\t\t\t\t\t<p class=\"MsoNormal\">Atua\u00e7\u00e3o em div\u00f3rcios, invent\u00e1rios judiciais e planejamento patrimonial e sucess\u00f3rio, como testamentos doa\u00e7\u00f5es, pacto antenupcial, an\u00e1lise e implementa\u00e7\u00e3o de \u201cholding patrimonial\u201d e internacionaliza\u00e7\u00e3o de patrim\u00f4nio, como empresas offshore, Trusts e contas banc\u00e1rias e de investimento no exterior.<\/p>\t\t\t\t\t\t<\/div>\n\t\t\t\t<\/div>\n\t\t\t\t\t<\/div>\n\t\t\t\t<\/div>\n\t\t<div class=\"elementor-element elementor-element-1153ae5 e-flex e-con-boxed e-con e-child\" data-id=\"1153ae5\" data-element_type=\"container\" data-settings=\"{&quot;background_background&quot;:&quot;classic&quot;,&quot;content_width&quot;:&quot;boxed&quot;}\">\n\t\t\t\t\t<div class=\"e-con-inner\">\n\t\t\t\t<div class=\"elementor-element elementor-element-c1c8a14 elementor-widget elementor-widget-heading\" data-id=\"c1c8a14\" data-element_type=\"widget\" data-widget_type=\"heading.default\">\n\t\t\t\t<div class=\"elementor-widget-container\">\n\t\t\t<h2 class=\"elementor-heading-title elementor-size-default\"><p>Tribut\u00e1rio<span style=\"font-size: 2rem; text-align: var(--text-align);\"><\/span><\/p><\/h2>\t\t<\/div>\n\t\t\t\t<\/div>\n\t\t\t\t<div class=\"elementor-element elementor-element-9d56469 elementor-widget__width-initial elementor-widget elementor-widget-text-editor\" data-id=\"9d56469\" data-element_type=\"widget\" data-widget_type=\"text-editor.default\">\n\t\t\t\t<div class=\"elementor-widget-container\">\n\t\t\t\t\t\t\t<p class=\"MsoNormal\">Defesa do contribuinte em quest\u00f5es relacionadas ao Imposto de Transmiss\u00e3o Causa Mortis, Imposto de Transmiss\u00e3o de Bens Im\u00f3veis e Imposto Predial Territorial Urbano e imunidade fiscal.<\/p>\t\t\t\t\t\t<\/div>\n\t\t\t\t<\/div>\n\t\t\t\t\t<\/div>\n\t\t\t\t<\/div>\n\t\t\t\t\t<\/div>\n\t\t\t\t<\/div>\n\t\t\t\t\t\t\t<\/div>\n\t\t","protected":false},"excerpt":{"rendered":"<p>Parcerias Para prestar um atendimento completo, atuamos em parceria com outros advogados nas principais \u00e1reas de atua\u00e7\u00e3o do escrit\u00f3rio e outras \u00e1reas relacionadas. P\u00fablico e Eleitoral Parcerias na Advocacia eleitoral para presta\u00e7\u00e3o de suporte completo para candidatos e partidos pol\u00edticos nos processos eleitorais, incluindo presta\u00e7\u00e3o de contas. Defesa em quest\u00f5es envolvendo Improbidade Administrativa e a [&hellip;]<\/p>\n","protected":false},"author":1,"featured_media":0,"parent":0,"menu_order":0,"comment_status":"closed","ping_status":"closed","template":"","meta":{"footnotes":""},"class_list":["post-15","page","type-page","status-publish","hentry"],"_links":{"self":[{"href":"https:\/\/marazziadv.com\/index.php?rest_route=\/wp\/v2\/pages\/15","targetHints":{"allow":["GET"]}}],"collection":[{"href":"https:\/\/marazziadv.com\/index.php?rest_route=\/wp\/v2\/pages"}],"about":[{"href":"https:\/\/marazziadv.com\/index.php?rest_route=\/wp\/v2\/types\/page"}],"author":[{"embeddable":true,"href":"https:\/\/marazziadv.com\/index.php?rest_route=\/wp\/v2\/users\/1"}],"replies":[{"embeddable":true,"href":"https:\/\/marazziadv.com\/index.php?rest_route=%2Fwp%2Fv2%2Fcomments&post=15"}],"version-history":[{"count":50,"href":"https:\/\/marazziadv.com\/index.php?rest_route=\/wp\/v2\/pages\/15\/revisions"}],"predecessor-version":[{"id":517,"href":"https:\/\/marazziadv.com\/index.php?rest_route=\/wp\/v2\/pages\/15\/revisions\/517"}],"wp:attachment":[{"href":"https:\/\/marazziadv.com\/index.php?rest_route=%2Fwp%2Fv2%2Fmedia&parent=15"}],"curies":[{"name":"wp","href":"https:\/\/api.w.org\/{rel}","templated":true}]}}