{"id":213,"date":"2023-09-23T02:21:27","date_gmt":"2023-09-23T05:21:27","guid":{"rendered":"https:\/\/marazziadv.com\/?page_id=213"},"modified":"2024-05-13T16:01:23","modified_gmt":"2024-05-13T19:01:23","slug":"politicas-de-privacidade","status":"publish","type":"page","link":"https:\/\/marazziadv.com\/?page_id=213","title":{"rendered":"Politicas de privacidade"},"content":{"rendered":"\t\t<div data-elementor-type=\"wp-page\" data-elementor-id=\"213\" class=\"elementor elementor-213\" data-elementor-post-type=\"page\">\n\t\t\t\t\t\t\t<div class=\"elementor-element elementor-element-c6d42f0 e-flex e-con-boxed e-con e-parent\" data-id=\"c6d42f0\" data-element_type=\"container\" data-settings=\"{&quot;content_width&quot;:&quot;boxed&quot;}\" data-core-v316-plus=\"true\">\n\t\t\t\t\t<div class=\"e-con-inner\">\n\t\t\t\t<div class=\"elementor-element elementor-element-1918532 elementor-widget elementor-widget-text-editor\" data-id=\"1918532\" data-element_type=\"widget\" data-widget_type=\"text-editor.default\">\n\t\t\t\t<div class=\"elementor-widget-container\">\n\t\t\t<style>\/*! elementor - v3.16.0 - 14-09-2023 *\/\n.elementor-widget-text-editor.elementor-drop-cap-view-stacked .elementor-drop-cap{background-color:#69727d;color:#fff}.elementor-widget-text-editor.elementor-drop-cap-view-framed .elementor-drop-cap{color:#69727d;border:3px solid;background-color:transparent}.elementor-widget-text-editor:not(.elementor-drop-cap-view-default) .elementor-drop-cap{margin-top:8px}.elementor-widget-text-editor:not(.elementor-drop-cap-view-default) .elementor-drop-cap-letter{width:1em;height:1em}.elementor-widget-text-editor .elementor-drop-cap{float:left;text-align:center;line-height:1;font-size:50px}.elementor-widget-text-editor .elementor-drop-cap-letter{display:inline-block}<\/style>\t\t\t\t<h1 class=\"text-left uppercase mb-4 text-gray-900 font-bold\">Pol\u00edtica de Privacidade<\/h1>\n<p class=\"text-left uppercase mb-4 text-gray-900 font-bold\">A pol\u00edtica de privacidade do website da Tatiana Marazzi S.I. de Advocacia busca fornecer transpar\u00eancia sobre como tratamos os dados pessoais dos nossos usu\u00e1rios e nossas pr\u00e1ticas para proteger sua seguran\u00e7a e privacidade. Qualquer informa\u00e7\u00e3o fornecida pelos usu\u00e1rios ser\u00e1 protegida com rigorosos padr\u00f5es de confidencialidade e utilizada apenas para os fins para os quais foi coletada.<br><br><\/p><p class=\"text-left uppercase mb-4 text-gray-900 font-bold\">A visita ao website \u00e9 an\u00f4nima, permitindo que a maioria das informa\u00e7\u00f5es seja visualizada sem identifica\u00e7\u00e3o. A Tatiana Marazzi S.I. de Advocacia n\u00e3o divulga os dados pessoais fornecidos pelos usu\u00e1rios, mas pode utiliz\u00e1-los para comunica\u00e7\u00f5es relacionadas a eventos promovidos, circula\u00e7\u00e3o de boletins, newsletters e informa\u00e7\u00f5es sobre nossas atividades, bem como atividades promocionais e outros fins que atendam aos nossos interesses leg\u00edtimos. Esses dados tamb\u00e9m podem ser usados para outros fins espec\u00edficos indicados durante a coleta.<br><br><\/p><p class=\"text-left uppercase mb-4 text-gray-900 font-bold\">O website utiliza cookies para garantir seu funcionamento correto e seguro, identificar o \u00faltimo idioma utilizado pelo navegador do usu\u00e1rio e gerar estat\u00edsticas sobre a intera\u00e7\u00e3o dos usu\u00e1rios com o website, como localiza\u00e7\u00e3o de acesso e tempo de navega\u00e7\u00e3o. Todos os dados pessoais coletados por meio de cookies s\u00e3o tratados conforme o leg\u00edtimo interesse da Tatiana Marazzi S.I. de Advocacia em fornecer um website funcional, seguro e personalizado, e em analisar a intera\u00e7\u00e3o dos usu\u00e1rios com o conte\u00fado do website. Esses cookies n\u00e3o armazenam informa\u00e7\u00f5es pessoais.<br><br><\/p><p class=\"text-left uppercase mb-4 text-gray-900 font-bold\">O website cont\u00e9m links para ambientes externos cujas pol\u00edticas de privacidade n\u00e3o s\u00e3o de responsabilidade da Tatiana Marazzi S.I. de Advocacia. As empresas contratadas para fornecer servi\u00e7os de apoio ao website devem aderir \u00e0 pol\u00edtica de privacidade do escrit\u00f3rio e ser\u00e3o respons\u00e1veis por seguir nossas instru\u00e7\u00f5es e cumprir a legisla\u00e7\u00e3o aplic\u00e1vel.<br><br><\/p><p class=\"text-left uppercase mb-4 text-gray-900 font-bold\">No que diz respeito ao tratamento de dados pessoais mencionado nesta Pol\u00edtica de Privacidade, a Tatiana Marazzi S.I. de Advocacia \u00e9 considerada controladora, conforme a legisla\u00e7\u00e3o vigente. Os usu\u00e1rios que desejarem obter informa\u00e7\u00f5es, esclarecer d\u00favidas ou exercer os direitos previstos em lei devem enviar um e-mail para contato@marazziadv.com. As solicita\u00e7\u00f5es ser\u00e3o analisadas e atendidas dentro do prazo legal ou, na aus\u00eancia deste, em um prazo razo\u00e1vel, exceto se houver raz\u00f5es leg\u00edtimas que impe\u00e7am o atendimento. Os usu\u00e1rios t\u00eam o direito de:<br><br><\/p><p class=\"text-left uppercase mb-4 text-gray-900 font-bold\">\u2022 Confirmar se seus dados pessoais est\u00e3o sendo tratados;<br>\u2022 Acessar seus dados;<br>\u2022 Corrigir dados incompletos, imprecisos ou desatualizados;<br>\u2022 Anonimizar, bloquear ou excluir dados desnecess\u00e1rios, excessivos ou tratados em desconformidade com a legisla\u00e7\u00e3o aplic\u00e1vel;<br>\u2022 Portar seus dados para outro prestador de servi\u00e7os, conforme regulamentado pela Autoridade Nacional de Prote\u00e7\u00e3o de Dados (ANPD), respeitando segredos comerciais e industriais;<br>\u2022 Excluir seus dados pessoais, exceto nos casos previstos pela legisla\u00e7\u00e3o aplic\u00e1vel;<br>\u2022 Ser informado sobre entidades p\u00fablicas e privadas com as quais a Tatiana Marazzi S.I. de Advocacia compartilhou seus dados;<br>\u2022 Ser informado sobre a possibilidade de recusar o consentimento e as consequ\u00eancias dessa recusa;<br>\u2022 Revogar seu consentimento, respeitando o interesse p\u00fablico que justifique o tratamento cont\u00ednuo ou outra base legal para o tratamento; e<br>\u2022 Opor-se ao tratamento de dados pessoais com base em uma das hip\u00f3teses em que o consentimento \u00e9 dispensado, desde que haja viola\u00e7\u00e3o da legisla\u00e7\u00e3o aplic\u00e1vel e respeitando o interesse p\u00fablico que justifique o tratamento cont\u00ednuo.<\/p><p class=\"text-left uppercase mb-4 text-gray-900 font-bold\"><br>Ao enviar mensagens atrav\u00e9s do nosso website, o usu\u00e1rio concorda que a Tatiana Marazzi S.I. de Advocacia pode armazen\u00e1-las durante o per\u00edodo de vig\u00eancia do contrato ou relacionamento. No caso de curr\u00edculos, estes podem ser armazenados por at\u00e9 dois anos e utilizados no processo seletivo para vagas que correspondam ao perfil do candidato. Os candidatos devem abster-se de compartilhar dados sens\u00edveis, como origem racial ou \u00e9tnica, convic\u00e7\u00f5es religiosas, opini\u00f5es pol\u00edticas, filia\u00e7\u00e3o a sindicatos ou organiza\u00e7\u00f5es religiosas, filos\u00f3ficas ou pol\u00edticas, informa\u00e7\u00f5es de sa\u00fade ou vida sexual, bem como dados gen\u00e9ticos ou biom\u00e9tricos.<br><br><\/p><p class=\"text-left uppercase mb-4 text-gray-900 font-bold\">Ao fornecer qualquer dado pessoal, o usu\u00e1rio concorda com esta pol\u00edtica de privacidade.<\/p>\t\t\t\t\t\t<\/div>\n\t\t\t\t<\/div>\n\t\t\t\t\t<\/div>\n\t\t\t\t<\/div>\n\t\t\t\t\t\t\t<\/div>\n\t\t","protected":false},"excerpt":{"rendered":"<p>Pol\u00edtica de Privacidade A pol\u00edtica de privacidade do website da Tatiana Marazzi S.I. de Advocacia busca fornecer transpar\u00eancia sobre como tratamos os dados pessoais dos nossos usu\u00e1rios e nossas pr\u00e1ticas para proteger sua seguran\u00e7a e privacidade. Qualquer informa\u00e7\u00e3o fornecida pelos usu\u00e1rios ser\u00e1 protegida com rigorosos padr\u00f5es de confidencialidade e utilizada apenas para os fins para [&hellip;]<\/p>\n","protected":false},"author":1,"featured_media":0,"parent":0,"menu_order":0,"comment_status":"closed","ping_status":"closed","template":"","meta":{"footnotes":""},"class_list":["post-213","page","type-page","status-publish","hentry"],"_links":{"self":[{"href":"https:\/\/marazziadv.com\/index.php?rest_route=\/wp\/v2\/pages\/213","targetHints":{"allow":["GET"]}}],"collection":[{"href":"https:\/\/marazziadv.com\/index.php?rest_route=\/wp\/v2\/pages"}],"about":[{"href":"https:\/\/marazziadv.com\/index.php?rest_route=\/wp\/v2\/types\/page"}],"author":[{"embeddable":true,"href":"https:\/\/marazziadv.com\/index.php?rest_route=\/wp\/v2\/users\/1"}],"replies":[{"embeddable":true,"href":"https:\/\/marazziadv.com\/index.php?rest_route=%2Fwp%2Fv2%2Fcomments&post=213"}],"version-history":[{"count":8,"href":"https:\/\/marazziadv.com\/index.php?rest_route=\/wp\/v2\/pages\/213\/revisions"}],"predecessor-version":[{"id":652,"href":"https:\/\/marazziadv.com\/index.php?rest_route=\/wp\/v2\/pages\/213\/revisions\/652"}],"wp:attachment":[{"href":"https:\/\/marazziadv.com\/index.php?rest_route=%2Fwp%2Fv2%2Fmedia&parent=213"}],"curies":[{"name":"wp","href":"https:\/\/api.w.org\/{rel}","templated":true}]}}